 224).
10
What is the value of 19 - (58 - 25) - (-33 - 17)?
36
What is -5 - 1 - 107 - (2 + -7 - 7 - -12)?
-113
-60 + (-142 - -234) + 2 + -130
-96
What is the value of -38 - -274 - (-7 - -131)?
112
Evaluate 427 + -401 + (-39 - -2) - -9.
-2
Evaluate 1 - 36 - (-7 + (16 - (-9 - -8 - -6))).
-39
What is (-1 - 11) + -4 + 8 + -2 + -6?
-16
Evaluate (-4 - -24 - (18 + -11)) + (2 - -18).
33
Evaluate -16 - (55 + (-35 - (22 + -83))).
-97
-53 - ((-32 - 32) + 7)
4
-18 + (-16 - (-27 + -10 + 25)) - -92
70
What is -24 - -10 - -12 - (1 + 3 - (4 - -67))?
65
Calculate 54 - -1 - (-9 + (-2 - -1) + (-52 - -58)).
59
What is 0 + 6 + (3 - 13) + 9 + -27?
-22
Evaluate -2074 + 2080 - (6 + -3 + -82).
85
What is the value of -1375 + 1381 + (20 - -3)?
29
Calculate -17 + -6 + 7 + (34 - (-18 - -73)).
-37
What is the value of -49 + 62 + (36 - 9) + 4?
44
Evaluate -42 - (-168 - -75) - 100.
-49
20 + -15 + 1 - (8 - 0) - 16 - 9
-27
What is the value of 6 - ((15 - (12 + 16)) + -1)?
20
50 - 16 - (-147 + 267)
-86
19 + (41 - (-21 + 40)) + (2 - (2 - 9))
50
533 + -492 - (-1 + (-8 + 3 - -2))
45
597 + -583 - (12 - 0) - -50
52
Evaluate 81 + (-20 - (-24 + (17 - -11))).
57
-14 + -19 + 53 - 6 - 30
-16
17 - (4 + 0 - (-34 - (1 + -30))) - 89
-81
-1 - ((59 + -37 - 42) + 16)
3
Evaluate 12 + (17 - 46) + 43 - 31.
-5
Calculate (6 + -8 - -9 - -41) + (-14 + 17 - 3).
48
What is the value of 1 + -4 + (-107 + 7 - -8 - (-19 + 13))?
-89
Evaluate (-2 - 17) + (35 - -16) + 31.
63
-19 + 33 + (19 + -9 - 7)
17
What is the value of (-8 - (-18 + 22 + 8)) + 15 - -12?
7
Evaluate 258 - (4 - (-23 + -106)).
125
Calculate 29 + 5 + (23 - (43 - 3)).
17
What is the value of (-70 - -91) + 20 + 6 + 22?
69
(-5 + (-5 - -14) - -10) + -8 + 4
10
What is the value of (-4 - (-5 - 83)) + -5 - (-39 + 32)?
86
What is 43 + -33 + 12 + 22 + -5?
39
What is the value of 37 - -2 - 46 - (-49 - 0)?
42
What is the value of -22 - (163 + -76 + 14)?
-123
What is the value of (0 - -4) + (32 - 20) + (-18 - -5)?
3
Calculate (-3 - -14) + 4 - (-300 - -319).
-4
-45 + -67 + -70 + 210
28
-10 + -5 + 7 + 0 + 5 + (37 - -16)
50
(-3 - (-2 - -6)) + (10 - 25) + 21 + -25
-26
-18 + -29 + 89 - -1
43
-6 - -38 - (182 - (182 - 90))
-58
8 + -12 + (-14 - -25 - -2)
9
What is the value of -13 + (1 - 9) - (-8 - 20)?
7
What is the value of 76 - 155 - -77 - -53?
51
(1809 - 1704) + 3 + (-6 - -2)
104
What is (-42 - -11) + -5 + 1 - 1 - (-2 - -2)?
-36
What is the value of (-53 - -22) + -22 + 47?
-6
Calculate -56 + (28 - -38) - (47 - (-3 + -1)).
-41
What is -56 - -19 - (-87 - -99) - 103?
-152
Calculate 9 - (-98 + 6 + 92 + -7 + 1).
15
What is (5 - 1) + -6039 + 6012?
-23
Calculate -7 + (-46 + 2 - 5) - (7 + -13 + 6).
-56
What is -5 + (12 - ((-2 - 2 - -16) + -9))?
4
Evaluate (1 - (-27 - (3 + -18))) + -65.
-52
29 + 13 + -1 + -74 + 4
-29
Evaluate 7 + (-8 - (-5 - 2)) + 16 + -11 + -69.
-58
Calculate 97 + -345 + 226 - (-84 - -1).
61
Calculate -18 + (20 - (-50 + 25)) - -26.
53
Calculate -5 - (-32 + -14 - -40).
1
What is -737 + 765 - (0 - -21 - (10 + -6))?
11
4 - ((18 - (16 - 14)) + -1) - (1 - 69)
57
What is the value of 31 + (77 - 108) - (95 + 9)?
-104
0 - 12 - 1 - -6 - (-14 + 17)
-10
28 + 345 + -317 + (-49 - 3)
4
What is -13 + 55 + (-13 + (14 - -12) - 13)?
42
Calculate 21 - (-1 + -8 + (14 - 8) + 2).
22
(-25 - ((-46 - -10) + 19)) + -45
-53
Calculate 85 + 53 + -105 - 81.
-48
What is 0 + 0 + 7 + -9 - ((-13 - -27) + -63)?
47
Evaluate 149 - (-48 + 22 + 104 + -37).
108
Evaluate -67 + 91 + -65 - (-39 - -3).
-5
What is (-32 - -9 - -14) + 27 + 28?
46
56 - (-10 + (-4 - (-14 + 11)) - -10)
57
Calculate (-18 + -22 + 27 - 49) + -1.
-63
What is the value of 103 + (-6 - (7 + -12)) + -29?
73
Evaluate (26 - 0) + (-14 - (-122 - -71)).
63
16 + 29 - (89 - 6)
-38
Calculate 19 + -47 - (-4 - 5 - 2).
-17
Evaluate 73 + -40 + -19 + -50.
-36
Evaluate (33 - (100 + 10)) + 14.
-63
Evaluate (-138 - (2 - 4)) + 80 + -86 + 27.
-115
Calculate (94 + 204 - 290) + (44 - -1) + -1.
52
What is 82 - (-54 - -114) - 43?
-21
What is 212 + -199 + 1 + -3 + -5?
6
Calculate -30 - (20 + -21 + -18) - (0 + 8).
-19
What is the value of (39 - 57 - -29) + 29?
40
What is the value of -2 + -2 - (-75 - (-91 - -28) - (0 + -14))?
-6
What is (-17 - 3) + 17 - (51 + -53)?
-1
6 + -19 + 23 - (-3 - -5 - -4 - -2)
2
(-94 - -7) + (57 + -52 - (2 + 12) - -7)
-89
Evaluate 13 - ((3 - 16) + 0).
26
-659 + 675 - (0 + 3 - 10)
23
What is the value of (64 - 0) + (-516 - -472)?
20
What is (738 - 778) + (-4 - 7)?
-51
What is the value of 1 + -43 + 22 + 53 + -60?
-27
Evaluate 938 + -968 + 1 + (-1 - (-1 + -2) - 10).
-37
What is the value of 7 - (-10 - ((893 - 891) + (8 - (4 - 2))))?
25
Evaluate (-13 - (-24 - -17 - (7 + 0))) + (-2 - -7).
6
(4 - 4) + (1 + -12 - -21) + 7
17
What is 13 + -79 + 72 - (0 + 1 + -1)?
6
Calculate -23 - (-42 - 42) - 109.
-48
Calculate (-127 + 183 - 74) + 2 + (-2 - -1) + 10.
-7
Evaluate -1 - -3 - 20 - (1080 + -1058).
-40
What is the value of 15 + -9 - (6 + (-6 - 21))?
27
Evaluate 18 - ((0 - (6 + 2)) + 69).
-43
Calculate (-25 - -15) + 65 - 33.
22
Calculate -9 - (-1 + (-13 + 36 - 33)).
2
What is 27 + (-11 + 7 - (-1 - -6)) + 10 + 0?
28
Evaluate 9 - (-46 + 5 + 13 - (-7 + (9 - 5))).
34
21 + -61 + -10 + 36
-14
Calculate (-14 - 50) + 113 + 15.
64
Calculate -1 + 7 + (-25 - (-9 + -59)).
49
What is -4 + -26 - (-16 - (-5 + 6))?
-13
What is the value of 752 + -744 + (-1 - 2 - 14)?
-9
Calculate (127 - 125) + (3 - 1) + -3.
1
Calculate -46 - (9 - 4 - 50).
-1
(2 - (6 + 19)) + -40 + 58
-5
-3 + 307 + -304 + (1 - 16)
-15
Calculate (-2 - (15 + 1)) + (21 - 43) + -105 + 111.
-34
What is (5 + -5 - 17) + -77 + 72 + -41?
-63
What is -9 + (1 - (11 - 14)) - 27?
-32
Calculate -32 + (12 - (9 + -21) - 1) + 79.
70
(-13 + 36 - -20 - (-3 - (-3 + 6))) + -9
40
Calculate (4 + 6 - (15 + (1 - -13))) + -25 + 17.
-27
Calculate (-1182 - -1092) + (-1 + 4 - (7 + -3 + 10)).
-101
What is the value of -2 - (0 + -15 + (-552 - -536))?
29
What is the value of 41 - (5 - 23 - -25) - -1 - -8?
43
What is the value of 3 + 148 - (7 - (11 - 7) - (-224 - -231))?
155
4 - 5 - 2 - 4 - (-3 + 31) - -5
-30
What is 66 + (14 + -77 - -30) - 23?
10
What is the value of -8 + (-11 - 9 - -28) + -1 + (-5 - -40)?
34
Evaluate 48 + (-1 - 24) + (6 - 42 - -49).
36
Calculate (4 + -61 - 6) + 42.
-21
-35 + 43 + -20 + -5 + -11
-28
What is the value of 6 + 10 + -3 - (-15 - (-52 - -5))?
-19
Calculate -16 - 0 - (-157 + 178 + -63).
26
Evaluate -9 + (133 - 2) + 579 + -594.
107
Calculate 2237 + -2271 - (-16 - (-3 + 6)).
-15
Evaluate 24 + (-82 + 121 - (100 + 7)).
-44
What is 20 + -72 - (-38 + -15)?
1
What is -11 + (14 - 4) + 2 + (-1 - 1) + 21?
20
Evaluate (-6 - (-24 + 36)) + 29 - 19.
-8
54 + -2 + 222 + -225 - -12
61
Evaluate -5 + -8 - ((1 - 10) + (-167 - -109)).
54
What is the value of (-70 - -52 - 16) + (-31 - -69)?
4
Evaluate 36 - 3 - (21 - -4) - 76.
-68
(45 - (47 - 5)) + (-9 - 1) - -10
3
What is -10 + (-86 - -66) + -69?
-99
What is the value of -9 - (1 - 23 - -4) - (12 - -38)?
-41
What is 0 + 6 + (-16 - -32) + -32 + 2 - -6?
-2
Calculate (1 - 70 - 1) + -27 + 32.
-65
What is the value of 73 + -12 + -25 + -6 - 3?
27
What is -4 + -13 - ((-20 - 11) + 27)?
-13
What is the value of (-2 - -24) + 5 + (-1 + 4 - 3)?
27
What is 4 + 0 - -14 - (9 + 71)?
-62
Evaluate -54 - (-24 + -55 + -27).
52
Calculate 21 - (-21 + 22 + (43 - 111)).
88
-11 + 19 + (-3 + 14 - 61)
-42
Calculate 3 + -15 + 4 + -12 + -15.
-35
What is the value of -134 - -1 - (22 + 773 + -820 + (14 - 0))?
-122
What is 35 + -9 + -62 - (8 + -4 + 5 - 1)?
-44
(51 - 3) + (-204 - -133)
-23
Calculate (-4 + 0 - 11 - -22) + (-25 - -54).
36
What is the value of (7 - 62) + 2 + 6 - (3 - 4)?
-46
Evaluate (27 - (44 - 58)) + 40.
81
What is -31 - -52 - (38 - -48) - (16 - -1)?
-82
Calculate 81 + 11 + (-42 - -11).
61
What is 54 + -34 + -14 - (-9 - -2)?
13
Calculate -45 - -6 - (-4 + 2) - (-4 - -13 - 0).
-46
17 - -15 - (11 - -54)
-33
What is the value of 7 + (-241 - -221) - (1 - 6)?
-8
Evaluate -2 + -68 - (-4057 - -3990).
-3
What is the value of -17261 + 17460 + (0 - 100)?
99
What is the value of (7 + -1 - (21 + (106 - 121))) + -114?
-114
(-23 - (-39 + 36)) + (-3 - (-9 + -4)) + 0
-10
Evaluate -124 + 115 - ((7 - 3) + -26 + 1) - -8.
20
What is the value of (0 - 5 - ((48 - (-7 + 25)) + -25)) + 115?
105
(-1 - -62) + -21 + 60 + 39 + -80
59
What is the value of -13 - (9 - 9) - 10 - -7?
-16
26 + -15 + (-4 - (-6